et z(p) = 41*p**2 + 2551*p + 12669. Give z(-5).
939
Let i(w) = 1013*w - 2911. Give i(3).
128
Let z(a) = 575841*a - 12668528. Determine z(22).
-26
Let a(c) = c**3 - 418*c**2 + 6040*c + 108. What is a(15)?
33
Let b(x) = 17*x**2 + 584*x + 263. Determine b(-19).
-4696
Let n(r) = 3*r**3 - 18*r**2 - 56*r + 14. Calculate n(-6).
-946
Let o(y) = -y**3 - 23*y**2 + 85*y + 343. Give o(-25).
-532
Let q(v) = -4307*v**2 + 64500*v + 1574. Determine q(15).
-1
Let m(h) = -h**3 + 26*h**2 + 274*h - 2359. Determine m(6).
5
Let a(i) = -222210*i + 7110733. Calculate a(32).
13
Let t(g) = -57*g**2 + 11911*g + 457. Calculate t(209).
39
Let t(v) = -v**3 - 192*v**2 - 7593*v + 1280. Calculate t(-56).
-8
Let h(g) = -1866*g - 515012. What is h(-276)?
4
Let z(x) = 3487*x + 3033701. Give z(-870).
11
Let y(q) = -178*q - 11470. Give y(-64).
-78
Let q(y) = -y**3 + 677*y**2 - 676*y - 1. Determine q(676).
-1
Let v(q) = -2*q**3 - 174*q**2 - 3787*q - 127. What is v(-44)?
5
Let b(f) = 69221*f + 3737927. Give b(-54).
-7
Let v(i) = -3814*i - 15628. Determine v(-4).
-372
Let d(h) = -2*h**2 - 6415*h - 4707373. Calculate d(-2071).
10
Let r(g) = -g**2 + 2828*g + 866853. What is r(-279)?
0
Let n(q) = q**2 - 108*q - 2607. Give n(128).
-47
Let k(g) = g**3 - 9*g**2 - 177*g + 1355. Calculate k(8).
-125
Let l(j) = -9*j**3 - 3834*j**2 - 2*j - 844. What is l(-426)?
8
Let b(u) = 4*u**3 + 31*u**2 - 314*u - 29. Calculate b(-12).
1291
Let m(z) = -z**3 - 81*z**2 - 1500*z + 178. Give m(-53).
1026
Let d(s) = -4578*s - 41351. Calculate d(-9).
-149
Let p(a) = -6*a**3 - 3713*a**2 + 649*a + 18495. Calculate p(-619).
-75
Let h(m) = 2*m**3 + 355*m**2 - 1426*m - 15. What is h(4)?
89
Let k(o) = 6*o**2 + 1438*o + 37734. What is k(-30)?
-6
Let k(q) = 7954*q - 1360166. Determine k(171).
-32
Let l(p) = -7215*p + 137101. Calculate l(19).
16
Let w(g) = -20*g**2 + 874*g + 2040. Determine w(46).
-76
Let i(w) = -1062*w - 530153. What is i(-498)?
-1277
Let q(v) = 88*v - 1972. Give q(9).
-1180
Let r(n) = -1731*n**2 - 2981*n + 4. What is r(-2)?
-958
Let i(o) = -9586*o - 28771. Calculate i(-3).
-13
Let a(v) = 13*v**2 + 96672*v - 96686. Give a(1).
-1
Let s(r) = 3*r**3 + 488*r**2 + 432*r + 17521. Give s(-162).
25
Let p(h) = 195*h**2 + 2548*h + 192. Calculate p(-13).
23
Let a(n) = -2*n**2 + 14080*n + 112733. What is a(-8)?
-35
Let t(s) = -15*s**2 + 108*s - 120. Determine t(2).
36
Let v(g) = -2*g**3 - 35*g**2 - 58*g - 1459. What is v(-18)?
-91
Let c(i) = -1312*i**2 + 447389*i + 1087. What is c(341)?
64
Let i(y) = -99*y**2 - 117*y - 31. Determine i(-2).
-193
Let g(i) = 2*i**3 + 55*i**2 - 109*i - 39. Give g(2).
-21
Let t(q) = 21475*q - 493918. Determine t(23).
7
Let t(z) = z**2 - 353*z + 19367. Calculate t(68).
-13
Let v(z) = -7*z**3 - 136*z**2 - 88*z + 1676. Give v(-18).
20
Let i(q) = 52344*q - 994525. Calculate i(19).
11
Let a(g) = -561*g + 23615. What is a(33)?
5102
Let n(f) = 4341*f + 39105. Determine n(-9).
36
Let x(m) = 2*m**2 - 733*m + 67128. Give x(179).
3
Let j(o) = -407658*o - 21605885. Calculate j(-53).
-11
Let d(c) = -820*c**2 + 104957*c + 390. Give d(128).
6
Let s(u) = -1570*u + 9490. What is s(6)?
70
Let v(q) = -66*q**2 - 2822*q + 441. Calculate v(-43).
-247
Let s(r) = -847*r**2 + 4783*r - 4784. What is s(1)?
-848
Let i(q) = -q**2 + 15664*q - 22689131. Calculate i(1615).
4
Let j(m) = -232*m**2 + 1548*m - 8. Calculate j(7).
-540
Let t(o) = 425400*o - 425328. Calculate t(1).
72
Let y(q) = -5*q**2 + 11631*q - 138852. What is y(12)?
0
Let j(v) = 3*v**3 - 4*v**2 + 1523*v - 3037. What is j(2)?
17
Let a(c) = -c**3 + 11*c**2 + 139*c + 225. Give a(19).
-22
Let y(k) = -2*k**3 + 27*k**2 - 38*k + 294. Calculate y(5).
529
Let t(w) = -33544*w + 369020. Calculate t(11).
36
Let p(d) = d**3 - 7*d**2 - 519*d + 4409. Calculate p(9).
-100
Let y(v) = 30477*v + 152394. Determine y(-5).
9
Let o(z) = -28*z**2 + 8578*z - 34244. Determine o(4).
-380
Let a(o) = 2106*o**2 - 37908*o - 36. Calculate a(18).
-36
Let k(y) = -6*y**3 + 95*y**2 - 374*y + 42. What is k(9)?
-3
Let u(n) = -n**3 - 98*n**2 - 1218*n - 79142. Give u(-94).
6
Let b(t) = -4*t**3 - 1283*t**2 + 21556*t - 63. Determine b(16).
1
Let c(q) = 12*q**2 - 1622*q + 16341. What is c(11)?
-49
Let z(w) = 32682*w + 196090. Give z(-6).
-2
Let s(z) = 26822*z + 17. Calculate s(0).
17
Let d(t) = -t**2 + 27*t - 905. Give d(41).
-1479
Let z(t) = -1257*t - 98613. Calculate z(-79).
690
Let l(c) = c**3 - 5*c**2 - 767*c - 47. What is l(31)?
1162
Let p(n) = -1120*n**2 - 98*n + 100. Determine p(1).
-1118
Let w(a) = 3*a**3 - 92*a**2 + 229*a + 1580. Give w(-3).
-16
Let y(l) = -4155*l + 403412. Give y(97).
377
Let i(y) = 195*y - 20631. Give i(105).
-156
Let n(k) = 2842*k - 332678. Give n(117).
-164
Let z(o) = o**3 - 3*o**2 - 2325*o - 19932. Give z(-9).
21
Let d(q) = 2*q**3 + 178*q**2 + 32*q - 41646. What is d(-86)?
-22
Let r(q) = -9202*q + 331220. What is r(36)?
-52
Let j(g) = -5*g**3 + 271*g**2 - 316*g - 109. Calculate j(53).
-3
Let q(f) = -100383*f - 501908. Give q(-5).
7
Let x(t) = -462*t + 124037. Calculate x(268).
221
Let m(l) = -101675*l - 25418761. Give m(-250).
-11
Let p(x) = 1114*x + 979205. Give p(-879).
-1
Let h(x) = -66*x**2 - 501*x - 45. Calculate h(-6).
585
Let m(c) = -26*c**2 - 7792*c - 12626. Determine m(-298).
486
Let x(o) = 16*o**2 - 12346*o + 217079. Determine x(18).
35
Let v(m) = 2*m**2 - 147*m - 28422. Calculate v(-88).
2
Let p(q) = 1568*q + 176929. Give p(-113).
-255
Let o(c) = -c**3 + 71*c**2 - 956*c + 11718. Calculate o(58).
2
Let y(n) = 296*n**2 - 2063*n - 68. Give y(7).
-5
Let p(w) = -47*w**2 - 7191*w + 441803. What is p(47)?
3
Let s(f) = 39*f**3 + 18996*f**2 + 1457*f - 1942. Give s(-487).
6
Let b(a) = -138661*a - 3466509. What is b(-25)?
16
Let d(s) = -s**3 + 8*s**2 + 31*s - 256. Give d(12).
-460
Let u(m) = m**3 - 427*m**2 + 1469*m - 627263. What is u(427)?
0
Let k(h) = 289*h**2 + 760*h - 100. Calculate k(-4).
1484
Let v(t) = 52*t**3 - 73*t**2 + 25*t - 18. Determine v(1).
-14
Let t(l) = -110*l + 9772. Calculate t(88).
92
Let g(d) = d**3 + 60*d**2 - 2822*d - 41. Calculate g(31).
-72
Let i(l) = -7*l**3 - 448*l**2 - 502*l - 3840. What is i(-63)?
3
Let o(b) = -146*b + 2218. Calculate o(15).
28
Let s(n) = -5764*n + 46128. Determine s(8).
16
Let u(r) = 602*r + 95122. Calculate u(-158).
6
Let l(b) = -111*b + 4570. Determine l(35).
685
Let t(k) = k**2 + 1196*k + 195202. Determine t(-195).
7
Let l(n) = 6*n**3 - 555*n**2 + 1859*n + 589. What is l(89)?
-301
Let l(q) = -q**3 + 7*q**2 + 3962*q - 39315. Determine l(10).
5
Let z(x) = -23*x**2 - 1288*x - 104. What is z(-55)?
1161
Let i(x) = -60677*x + 728132. Give i(12).
8
Let i(y) = 30*y - 275. Calculate i(3).
-185
Let q(f) = -12304*f + 8145244. Determine q(662).
-4
Let a(t) = -2*t**3 + 241*t**2 - 7028*t - 101. What is a(71)?
-30
Let a(p) = 95*p**2 + 12361*p + 1414. What is a(-130)?
-16
Let a(k) = 8*k**3 + 3733*k**2 - 1399*k + 955. Determine a(-467).
21
Let h(n) = 10089*n - 70630. Give h(7).
-7
Let i(v) = 1667*v**2 - 4985*v - 58. Determine i(3).
-10
Let i(m) = 201*m - 86. Calculate i(-7).
-1493
Let p(c) = 2*c**2 + 20231*c + 10124397. Determine p(-528).
-3
Let p(n) = 3*n**2 + 567*n + 2594. What is p(-184)?
-166
Let p(u) = 7052*u + 6974. Calculate p(-1).
-78
Let h(a) = -2307*a + 4366. Determine h(2).
-248
Let o(i) = 62154*i + 1988947. What is o(-32)?
19
Let x(v) = -37*v - 8164. Calculate x(-213).
-283
Let n(b) = -25*b**2 + 818*b - 4953. Give n(6).
-945
Let s(a) = -a**2 - 53*a + 4777. Determine s(-81).
2509
Let o(s) = 48*s**2 + 6386*s + 280. Give o(-133).
14
Let y(q) = -3*q**2 + 165*q + 207. Calculate y(8).
1335
Let y(w) = -2*w**3 + 4982*w**2 - 29817*w - 26. What is y(6)?
-8
Let x(i) = -i**2 + 2561*i - 1339899. What is x(733)?
25
Let l(t) = -587*t**2 - 4*t + 18. Give l(2).
-2338
Let y(s) = 17*s + 3348. What is y(-199)?
-35
Let c(z) = 2546*z - 208789. Determine c(82).
-17
Let d(r) = -29*r**2 + 630*r + 4821. What is d(-6)?
-3
Let z(b) = -b**2 - 5*b + 986. Determine z(18).
572
Let s(u) = 260*u + 59603. Calculate s(-229).
63
Let t(a) = -42*a**2 + 640*a - 43. Calculate t(13).
1179
Let d(a) = -a**3 + 50*a**2 + 112*a - 63. Give d(52).
353
Let z(g) = -14402*g - 72189. Give z(-5).
-179
Let p(y) = 191*y**2 + 2744*y - 56. What is p(-15)?
1759
Let y(b) = -819*b + 1750. Give y(2).
112
Let h(d) = -48549*d + 533965. What is h(11)?
-74
Let f(i) = i**3 + 9*i**2